 + 38*u - 103. Give f(5).
-338
Let c(v) = 23369*v + 140231. What is c(-6)?
17
Let s(r) = -4*r**2 + 176*r - 1877. Calculate s(18).
-5
Let s(f) = -5*f**2 + 129*f - 703. Calculate s(18).
-1
Let p(y) = -y**3 - 31*y**2 - 29*y + 53. What is p(-30)?
23
Let t(b) = -921*b - 7387. What is t(-8)?
-19
Let k(n) = -15*n**2 - 80*n - 14. What is k(-5)?
11
Let s(z) = -27*z - 967. Calculate s(-36).
5
Let y(z) = -7*z + 123. Determine y(30).
-87
Let u(g) = -g**2 + 86*g + 1912. What is u(-18)?
40
Let l(x) = 64*x**2 - 770*x + 7. Determine l(12).
-17
Let b(d) = 4*d**3 + 250*d**2 + 124*d - 149. Give b(-62).
-149
Let m(d) = 183*d + 2376. Determine m(-13).
-3
Let n(g) = -1961*g + 372589. Determine n(190).
-1
Let z(c) = 408*c + 3. What is z(0)?
3
Let u(i) = 3*i + 37. Calculate u(-3).
28
Let v(f) = 2*f**3 + 27*f**2 - 74*f + 95. What is v(-16)?
-1
Let k(v) = -v**2 + 4*v - 39. Determine k(-11).
-204
Let n(y) = -y**3 + 4*y**2 + 915*y + 2101. Determine n(-27).
-5
Let o(b) = -b**3 - 11*b**2 - 15*b + 85. Determine o(-8).
13
Let o(t) = -t**3 + 17*t**2 - 67*t + 87. Give o(12).
3
Let g(t) = t**2 + 9*t + 29. Give g(-5).
9
Let s(j) = j**3 - 259*j**2 + 464*j + 12856. Determine s(257).
6
Let j(p) = -25*p - 233. Determine j(-8).
-33
Let t(s) = -15*s + 902. Give t(18).
632
Let q(c) = 25*c + 192. Calculate q(3).
267
Let y(q) = -2*q**3 + 154*q**2 - 2821*q + 51. Give y(47).
4
Let r(w) = -153*w - 1858. Calculate r(-12).
-22
Let b(z) = -616*z + 6625. Determine b(11).
-151
Let i(t) = t**3 + 55*t**2 + 1. Determine i(-55).
1
Let h(v) = -56*v - 257. Determine h(-4).
-33
Let i(k) = 392*k + 1975. What is i(-5)?
15
Let u(r) = -r**3 + 8*r**2 + 34*r - 16. What is u(10)?
124
Let r(q) = -19*q + 8. Determine r(-4).
84
Let m(l) = l**3 + 18*l**2 - 184*l - 3122. What is m(-19)?
13
Let n(y) = y**2 - 8*y + 9. Give n(7).
2
Let h(o) = -94*o**3 - 2*o**2 + 2*o - 3. Determine h(1).
-97
Let g(z) = 26*z - 221. Calculate g(11).
65
Let u(v) = -v**3 - 21*v**2 - 11*v + 70. Determine u(-20).
-110
Let w(j) = 4*j - 56. Calculate w(6).
-32
Let l(a) = -2*a**3 - 118*a**2 - 112*a + 226. Calculate l(-58).
-6
Let s(o) = 224*o + 9166. Determine s(-41).
-18
Let o(r) = 4*r**2 + r + 8. Determine o(-2).
22
Let b(o) = -70*o - 1731. What is b(-29)?
299
Let d(p) = -16*p - 978. Determine d(-76).
238
Let n(g) = 2*g**2 + g - 2. What is n(3)?
19
Let r(g) = -g**3 - 20*g**2 + 66*g - 41. Calculate r(-23).
28
Let v(f) = f**2 + 58*f + 276. What is v(-5)?
11
Let u(g) = g**3 + 11*g**2 + 78*g + 493. Calculate u(-7).
143
Let l(o) = -o**3 - 36*o**2 - 69*o - 9. Determine l(-34).
25
Let i(q) = 11*q + 377. What is i(-33)?
14
Let h(l) = 2*l**2 - 72*l - 1284. Give h(49).
-10
Let u(g) = 3135*g + 53289. What is u(-17)?
-6
Let m(q) = -q**2 - 128*q + 5879. Determine m(36).
-25
Let y(q) = q**3 - 56*q**2 + 6*q - 473. What is y(56)?
-137
Let y(x) = -x - 16. Determine y(-21).
5
Let k(s) = 476*s + 5210. What is k(-11)?
-26
Let c(i) = i**2 + 12*i + 25. Give c(-10).
5
Let r(d) = 3*d**3 + 17*d**2 - 44*d + 4. Give r(2).
8
Let r(s) = -5*s**3 - 4*s**2 + 26*s - 81. Give r(3).
-174
Let u(f) = 16*f - 11. Give u(8).
117
Let v(z) = -368*z - 371. Calculate v(-1).
-3
Let u(d) = -2*d**2 - 53*d - 57. Give u(-26).
-31
Let q(j) = -185*j + 1637. Give q(8).
157
Let n(c) = 2*c**2 - 771*c - 3. What is n(0)?
-3
Let o(i) = -4*i**2 - 24*i - 137. Determine o(-6).
-137
Let u(d) = 3*d + 26. What is u(59)?
203
Let o(w) = 1423*w + 18489. Calculate o(-13).
-10
Let s(w) = -33*w - 1523. Determine s(-46).
-5
Let i(n) = n**2 - 293*n - 5898. What is i(-19)?
30
Let c(m) = m**2 + 14*m + 297. Determine c(-16).
329
Let m(g) = 7*g - 161. Give m(-8).
-217
Let s(c) = -3485*c + 149855. What is s(43)?
0
Let c(r) = 19*r**2 + 80*r - 722. Calculate c(8).
1134
Let m(d) = -5*d**2 - 416*d + 767. Determine m(-85).
2
Let t(o) = -20*o**2 - 121*o - 6. Give t(-3).
177
Let m(j) = -j**3 - 10*j**2 - j + 49. Determine m(-11).
181
Let r(h) = h**3 - 9*h**2 + 22*h - 3. Determine r(3).
9
Let l(c) = 39*c + 3587. What is l(-92)?
-1
Let l(a) = -170*a + 3215. What is l(19)?
-15
Let c(o) = -11449*o + 22897. Determine c(2).
-1
Let f(j) = -j**2 - 5*j + 598. Give f(-27).
4
Let c(p) = -p + 361. Calculate c(23).
338
Let g(c) = 25*c - 246. Determine g(-9).
-471
Let m(v) = -37*v - 393. Calculate m(-11).
14
Let s(y) = -y**3 - 18*y**2 + 52*y - 22. Give s(-20).
-262
Let a(i) = -i**3 - 12*i**2 + 5*i - 317. Calculate a(-14).
5
Let s(v) = -v**3 + 18*v**2 + 15*v + 157. What is s(19)?
81
Let b(g) = -g**3 + 12*g**2 - 18*g - 21. Determine b(12).
-237
Let p(l) = -l**3 + 29*l**2 + 64*l - 2601. Give p(28).
-25
Let c(x) = -5*x + 128. Determine c(25).
3
Let t(j) = j**3 - 28*j**2 + 172*j - 20. Determine t(9).
-11
Let t(b) = 6*b**3 + 10*b**2 + 3*b + 10. Calculate t(-4).
-226
Let y(s) = s**3 - 38*s**2 + 190*s - 15. Determine y(32).
-79
Let d(c) = -189*c**2 + 12*c + 13. Determine d(-1).
-188
Let t(h) = -6*h + 123. Calculate t(5).
93
Let i(d) = -d**3 + 8*d**2 - d + 36. Give i(9).
-54
Let g(p) = -1175*p - 1172. Give g(-1).
3
Let s(v) = -414*v - 1240. What is s(-3)?
2
Let l(x) = 16*x - 219. What is l(14)?
5
Let n(u) = -u**2 - 3*u + 514. What is n(21)?
10
Let o(n) = -153*n + 768. Calculate o(6).
-150
Let i(x) = x**3 - 8*x**2 - 48*x. Give i(-4).
0
Let i(o) = 73*o + 15. Determine i(1).
88
Let l(z) = -z**2 + 13*z + 128. Give l(18).
38
Let m(s) = s**2 + 49*s + 319. What is m(-39)?
-71
Let q(w) = -w**3 + 15*w**2 - 44*w - 12. Determine q(11).
-12
Let y(g) = g**3 + 71*g**2 - 136*g + 254. Determine y(-73).
-476
Let f(a) = -2*a**2 - 60*a + 83. Determine f(-31).
21
Let v(b) = -2*b**3 + 40*b**2 + 72*b - 1201. Calculate v(20).
239
Let h(q) = 52*q + 2761. Determine h(-51).
109
Let d(k) = -k**3 - 9*k**2 - 8*k - 3. Determine d(-3).
-33
Let z(k) = -2*k**2 + 122*k - 1800. Calculate z(36).
0
Let q(h) = -26*h - 286. Give q(-10).
-26
Let a(h) = 63*h**3 + h**2 - 27*h - 27. Give a(-1).
-62
Let j(b) = b**3 + 9*b**2 + 22*b - 1. What is j(-3)?
-13
Let o(k) = k**2 - 492*k + 60432. Determine o(256).
16
Let l(a) = -911*a + 52842. What is l(58)?
4
Let a(j) = 13*j + 423. Determine a(-30).
33
Let j(v) = -v**2 + 28*v + 541. Determine j(41).
8
Let y(b) = -194*b**3 + 3*b**2 - 8*b + 7. Give y(1).
-192
Let q(i) = -2*i**2 - 9*i + 313. Give q(15).
-272
Let s(k) = -k**3 + 22*k**2 + 26*k - 74. What is s(23)?
-5
Let w(q) = q**2 + 76*q + 967. Give w(-60).
7
Let c(y) = 2*y**3 - 112*y**2 + 228*y - 654. What is c(54)?
-6
Let f(y) = 5*y**3 - 89*y**2 + y - 341. Give f(18).
1
Let f(c) = 2*c**2 + 2*c - 69. What is f(11)?
195
Let y(r) = 1161*r + 12771. Give y(-11).
0
Let m(k) = 29*k + 1927. Calculate m(-66).
13
Let u(g) = -5*g**3 - 67*g**2 - 227*g + 13. What is u(-7)?
34
Let m(o) = 107*o**2 - 653*o + 33. Give m(6).
-33
Let u(c) = 14*c**2 + 737*c + 5972. Calculate u(-10).
2
Let j(v) = v**3 + 16*v**2 + 17*v - 47. What is j(-14)?
107
Let c(z) = 31*z**2 + 184*z - 5. Give c(-4).
-245
Let j(h) = h**2 - 2*h - 28. What is j(9)?
35
Let c(f) = 10*f + 226. Give c(-20).
26
Let l(b) = -27*b + 504. Determine l(22).
-90
Let m(q) = -q**2 - 62*q + 713. Calculate m(-72).
-7
Let u(p) = -196*p**2 - 2747*p - 41. Calculate u(-14).
1
Let s(w) = 20*w**3 + 5*w**2 - w - 1. What is s(-1)?
-15
Let m(d) = 26*d**2 - d - 5. What is m(1)?
20
Let q(f) = 11*f + 291. Determine q(-14).
137
Let z(h) = h**3 - 7*h**2 + h + 28. What is z(4)?
-16
Let w(b) = 31653*b - 31662. What is w(1)?
-9
Let q(j) = -29*j**2 + 859*j + 339. Calculate q(30).
9
Let b(h) = -14*h + 419. Calculate b(33).
-43
Let k(y) = 157*y + 16246. Give k(-103).
75
Let f(m) = m**3 - m**2 - 8*m + 19. Determine f(3).
13
Let g(c) = 41*c**2 - 6*c - 1. Give g(1).
34
Let x(s) = -5*s**2 + 111*s + 78. Determine x(23).
-14
Let m(y) = 14*y**2 - 8*y - 31. What is m(-4)?
225
Let b(p) = p**3 + 10*p**2 + 78*p + 676. Determine b(-9).
55
Let b(j) = -j**3 + 12*j**2 + 59*j - 542. Calculate b(13).
56
Let v(d) = -d**3 + 10*d**2 + 108*d - 987. Determine v(10).
93
Let h(i) = -22*i + 26. Calculate h(0).
26
Let y(k) = -2*k**2 - 146*k - 685. Calculate y(-68).
-5
Let z(c) = 2*c**3 + 27*c**2 + 33*c - 13. What is z(-12)?
23
Let m(v) = v**2 - 27*v - 623. What is m(-15)?
7
Let y(c) = c**2 - 489*c - 3984. What is y(-8)?
-8
Let r(d) = 60*d - 9108. What is r(152)?
12
Let t(x) = 36*x**3 + x**2 + 74*x + 149. Give t(-2).
-283
Let v(c) = c**3 + 3*c**2 + 17*c + 9. What is v(-7)?
-306
Let v(q) = 2*q**3 + 19*q**2 + 2